is the units digit of m(5)?
1
Let i = -26 - -58. Suppose r = 6*r + 2*d - 33, -4*r + i = 3*d. Let l = 9 - r. What is the units digit of l?
4
What is the tens digit of 4/6*(7 + 275)?
8
Let q(z) = -z**3 + 8*z**2. Let b be q(8). Suppose 3*n - 2*r = 25, b = -5*n + 4*r + 3 + 40. What is the units digit of n?
7
Let p(u) = -2*u - 1. Let m = -9 + 1. Let q = 2 + m. What is the units digit of p(q)?
1
Let d(u) = u**2 - 8*u - 10. Let z be d(-7). Suppose z = y + 4*y. What is the tens digit of y?
1
Suppose q - 4*p - p = -8, 4*q + 2*p = 12. What is the tens digit of (43 - 2) + q*1?
4
Let a(f) = 29*f + 3. Let u be a(-7). Let m be (-2*2)/(8/u). Suppose m = 3*r + 2*r. What is the tens digit of r?
2
Suppose -6*l = l - 728. What is the hundreds digit of l?
1
Let z be (-40)/(-14) - 1/(-7). Suppose -76 = -j - z*j. What is the units digit of j?
9
Let u(l) = -l**2 + l - 38. Let q be u(0). What is the units digit of (-10 + -2)/(-4) - q?
1
What is the tens digit of (-321)/(-11) + 14/(-77)?
2
Suppose 4*j + 0*j = 956. What is the tens digit of j?
3
Let m(c) = c + 7. Let b be m(-5). Suppose -b*n = -0*o + 4*o - 40, 4*o - 3*n - 40 = 0. What is the units digit of o?
0
Let q(f) = f**3 + 5*f**2 - 5. Let t be q(-4). Let o = t + -4. What is the units digit of o?
7
Let c be (-3)/(3*4/112). What is the tens digit of -2 - c*(-4)/(-4)?
2
Let r(u) = -u**3 + 4*u**2 + 5*u + 6. Let p be r(5). Suppose -2*z = -0*z - p. Suppose -45 = -z*l - 2*l. What is the units digit of l?
9
Suppose 3*q = -3*l, -5*q = -l + 9 + 15. Suppose 9*f - l*f = 125. What is the tens digit of f?
2
Let x = -15 - -4. Let c be (-2)/(-18)*3 - (-576)/(-27). Let l = x - c. What is the tens digit of l?
1
Suppose -2*k - 4 = 0, 5*u - 8*u = k - 496. What is the units digit of u?
6
Suppose 0 = 3*n + 2*l - 86 - 32, 0 = -4*n + 2*l + 176. What is the tens digit of n?
4
Let m = 6 - -34. What is the units digit of m?
0
Suppose 2*y = -0*y + 6, 2 = -5*i + 4*y. Let v(n) = -n**3 + 5*n**2 - 2*n - 2. What is the units digit of v(i)?
6
Suppose 3*d + 2*o + 4 = 4*d, 4*d - 16 = o. Suppose 0 = -5*n + d*i + 14, 0*n + i + 9 = 4*n. What is the units digit of n?
2
Suppose -3*v + 12 = 3*b, -b + 65 = 4*b - 4*v. Let h(n) = n**2 - 2*n - 5. Let f be h(-5). Let k = f - b. What is the tens digit of k?
2
Suppose 0 = -2*b - 5*n + 132, 3*n = -5*b + 11 + 319. What is the units digit of b?
6
Let n(p) = p**3 + 3*p**2 + 3*p + 4. What is the units digit of n(3)?
7
Suppose 5 - 68 = 5*u + 3*m, -4*m = 4. Let l be 4/u - (-2)/6. Suppose l = -5*f + f + 28. What is the units digit of f?
7
Let b be (-4)/6*(-3 - 0). Let y(z) = -z**2 - 13*z - 3. Let a be y(-12). Suppose b*l - 7 = -5*h, -4*l + a*l = 5*h. What is the units digit of h?
1
Let i = -12 - -18. What is the units digit of -72*(21/i)/(-7)?
6
Suppose -4*f = 3*a - 89, 5*a - 5*f - 64 = 61. Suppose 0 = 4*r - n - 84, -3*n - a - 27 = -3*r. What is the tens digit of r?
2
Let n(m) = -m**3 + 2*m**2 + 2*m - 2. Let z be n(2). Suppose 0 = -z*h + 2 + 2. Suppose q = -h*q + 5*f + 26, 0 = 4*q - 4*f - 32. What is the units digit of q?
7
Suppose 0*o = 4*y - o - 1015, o + 509 = 2*y. What is the tens digit of y?
5
Let m be ((-8)/10)/((-2)/5). What is the tens digit of 99/m - (-8)/16?
5
Let z(d) = d**3 - 6*d**2 - 7*d + 10. Let j(p) = -p + 15. Let c be j(8). What is the tens digit of z(c)?
1
Suppose c - 4 = -2. What is the units digit of ((-2)/3)/(c/(-15))?
5
Let i(o) be the first derivative of -o**2/2 + 3*o - 1. What is the units digit of i(-7)?
0
Let w be 2 + -2*1 + 2. Suppose w = 2*z - 6. Suppose -z*x + x = -9. What is the units digit of x?
3
Suppose 2*t = -0*t - 6. Let y be 166/8 - t/12. Suppose -3*l + 0*l + y = 0. What is the units digit of l?
7
Let z = -29 - -279. What is the units digit of z?
0
Suppose 0 = 4*v + 4*o - 16, -3*v + 5*o + 5 = 1. Let z = v + -2. Suppose 0 = -q + 12 - z. What is the units digit of q?
1
Suppose 2*q + 4*w - w + 29 = 0, 0 = 3*q - 4*w + 35. Let p = -9 - q. What is the units digit of p?
4
Let b = -26 - -65. What is the units digit of b?
9
Suppose 0 = 4*a - 0*c + 5*c - 64, 3*a + 5*c - 48 = 0. Suppose 4*f - 2*f - a = 0. What is the units digit of f?
8
Let t(a) = a**3 + a**2 - 4*a + 2. What is the tens digit of t(4)?
6
Let b(a) = 2*a**3 + 2*a**2 + 2*a. Let q be b(-2). Let g = 24 + q. What is the tens digit of g?
1
Suppose -g + 4 + 11 = 0. Let r = g + -6. Let a(x) = x**3 - 8*x**2 - 7*x - 4. What is the units digit of a(r)?
4
Let r be (-8)/(-28) + 78/21. What is the units digit of -1 - ((-16)/r - 4)?
7
Let g = -15 + 23. Let m = g + 7. What is the tens digit of m?
1
Suppose 54 - 1 = u. Suppose j = u - 15. Suppose 0 = -0*y + 4*y + x - 37, j = 4*y + 2*x. What is the units digit of y?
9
Suppose 0*c = -4*c - 3*g + 8, -5*g = 4*c - 8. Suppose -c*h - h = -84. Let v = -16 + h. What is the units digit of v?
2
Suppose -5*v - 4*w + 180 + 7 = 0, -w - 2 = 0. What is the tens digit of v?
3
Suppose k + y = 23, 5 = y - 0*y. Let m be 31/2 - 9/k. Suppose -3*d = -8*d + m. What is the units digit of d?
3
Let z = 273 - 96. What is the hundreds digit of z?
1
Suppose 65 = 2*o + 1. What is the tens digit of o?
3
Let c = -1 + -1. What is the units digit of (c/4)/((-3)/42)?
7
Let i = -15 - -20. Let m(f) = -f**3 + 7*f**2 - 6*f + 4. What is the units digit of m(i)?
4
Let z(j) = -j + 7. Let w be z(-6). Let b = w + -7. What is the units digit of b?
6
What is the units digit of ((-6)/4)/(6/(-8))?
2
Let j = -34 - -12. Let t = j + 44. What is the tens digit of t?
2
Let k = -127 + 241. What is the tens digit of k?
1
Let v(k) = -k - 5. Let j(l) = -l + 1. Let r(y) = 2*j(y) - v(y). Let w(i) = -i + 8. Let m(q) = 4*r(q) - 3*w(q). What is the units digit of m(0)?
4
Let y = -273 - -522. What is the tens digit of y?
4
Suppose -2*y = -2*x - 136, 3*y + 3*x = -x + 232. What is the tens digit of y?
7
Let g(m) be the third derivative of m**6/120 + m**5/12 + m**4/24 - m**3/3 + 4*m**2. What is the units digit of g(-4)?
0
Let d = -1 + 4. Let q(u) = d*u + 0 + 4 - 2. What is the units digit of q(5)?
7
Let x(w) = -w**3 + 6*w**2 - 3*w - 3. Let l be 106/22 + (-12)/(-66). What is the units digit of x(l)?
7
Let o(c) = c + 1. Let n be o(5). Suppose -34 = -5*p - 2*l + n, p - 5*l = -19. What is the units digit of p?
6
Let c = 3 - 11. Let v be (34/8)/(2/c). Let k = v - -27. What is the units digit of k?
0
Let z = 6 + -4. Suppose 0 = z*v + 10 - 4, -c - v = -9. What is the tens digit of c?
1
Let g = -4 - -10. Suppose -x = -g*x + 165. What is the units digit of x?
3
Let t = 22 + -41. Let l = 30 + t. What is the tens digit of l?
1
Let r(b) = b - 3. Let y be r(6). Let a = y + 1. Suppose -3*n = -4*h - 55 + 19, a*n = h + 48. What is the units digit of n?
2
Let t = -8 + 11. Suppose m + m = -s + 40, -5*m - t*s + 100 = 0. What is the tens digit of (m/(-6))/(1/(-3))?
1
Suppose 4*k - 892 = 2*l, 0*k = k - 2*l - 229. What is the tens digit of k?
2
Let y(d) = d**2 + 4*d - 1. Let o be y(-5). Let r = 6 - 4. Suppose -o*h + r*h = -10. What is the units digit of h?
5
Let b be 1 + 0 + -1 + 5. Suppose -2*f - 32 = h - b, 2*h = -6. What is the units digit of ((-6)/(-5))/(f/(-40))?
4
Suppose 0 = 5*z - 20, -7 = r - 4*z - 31. Suppose -r - 15 = -5*k. What is the units digit of k?
1
Suppose 4*a - 12 = 5*a. Let c be ((-2)/(-6))/((-1)/a). Suppose -c*o + 9*o = 35. What is the units digit of o?
7
Suppose -305 = -6*a + a. What is the units digit of a?
1
Let f(r) be the first derivative of r**4/6 - r**3/6 + r**2/2 + 1. Let j(o) be the second derivative of f(o). What is the tens digit of j(3)?
1
Suppose 2*h = 9*h - 1645. What is the tens digit of h?
3
Let o be -2*(1/2)/(-1). Let w(u) = u**3 - 11*u**2 - u + 9*u**2 - 3 - o. What is the units digit of w(3)?
2
Let c be 12/(-30) - (-62)/5. What is the tens digit of 160/6 + (-8)/c?
2
What is the units digit of (2407/87)/((-2)/(-6))?
3
Let o be (3/(-5))/((-4)/20). Suppose -o*v + 2 = 2*v + 2*h, 4*v + 5*h - 5 = 0. What is the tens digit of (1 - v)/((-6)/(-84))?
1
Suppose 330 = 2*j - 56. What is the tens digit of j?
9
Let b be 42/28 + (-219)/(-2). Suppose 4*o - b + 23 = 0. What is the tens digit of o?
2
Suppose 2*s - 43 = -3*g, -4*g + 57 = 3*s - g. What is the units digit of s?
4
Let r(o) = -o**2 - o + 48. What is the units digit of r(0)?
8
Let r = -5 + 9. Let j be 3/(30/r)*-5. What is the units digit of (j/4*2)/(-1)?
1
Let t(z) = -z**3 + 10*z**2 - z + 10. Let b 